{"id":23978,"date":"2025-08-04T16:26:41","date_gmt":"2025-08-04T16:26:41","guid":{"rendered":"https:\/\/tisana.sirupy.eu\/?post_type=product&#038;p=23978"},"modified":"2026-03-16T14:17:15","modified_gmt":"2026-03-16T14:17:15","slug":"bio-susenka-kookie-cat-50g","status":"publish","type":"product","link":"https:\/\/tisana.sirupy.eu\/?product=bio-susenka-kookie-cat-50g&lang=cs","title":{"rendered":"Bio su\u0161enky Kookie Cat, 50g, 1 ks"},"content":{"rendered":"<p>Su\u0161enka je vegansk\u00e1, bezlepkov\u00e1 a bez p\u0159\u00eddavku rafinovan\u00e9ho cukru.<br \/>\nSlo\u017een\u00ed:<\/p>\n<ul>\n<li>Salted Caramel Almond Cookie, Bio, Kookie Cat: bezlepkov\u00e9 ovesn\u00e9 vlo\u010dky* (41,7%), solen\u00e9 karamelizovan\u00e9 mandle* (mandle, nektar z kokosov\u00fdch kv\u011bt\u016f*, kokosov\u00fd cukr*, s\u016fl) (25%), kokosov\u00fd sirup*, kokosov\u00fd olej*.<\/li>\n<li>Vanilla and choc chip Cookie, Bio, Kookie Cat: bezlepkov\u00e9 ovesn\u00e9 vlo\u010dky* (24%), ke\u0161u* (22%), kokosov\u00fd sirup*, kokos*, kousky \u010dokol\u00e1dy* (kakaov\u00e1 hmota*, kokosov\u00fd cukr*, kakaov\u00e9 m\u00e1slo*, slune\u010dnicov\u00fd lecithin) (8%), kokosov\u00fd olej*, kokosov\u00e9 \u010dipsy*, Bourbonsk\u00e1 vanilka * (0,3%), s\u016fl.<\/li>\n<li>Chia and Lemon Cookie, Bio, Kookie Cat: &#8230;<\/li>\n<li>Lil\u2019 kookie monster, Bio, Kookie Cat: &#8230;<\/li>\n<li>Wild Berries Cookie, Bio, Kookie Cat: ..<\/li>\n<li>Double Choc and Walnut Cookie, Bio, Kookie Cat, Full Box 12x50g<\/li>\n<li>Protein Dark Chocolate Cookie, Bio, Kookie Cat<br \/>\n* P\u0159\u00edsada poch\u00e1z\u00ed z ekologick\u00e9ho zem\u011bd\u011blstv\u00ed.<br \/>\nAlergeny jsou ve slo\u017een\u00ed zv\u00fdrazn\u011bny tu\u010dn\u011b.<br \/>\nZem\u011b p\u016fvodu: Bulharsko<\/li>\n<\/ul>\n<p>Bio certifikace v\u00fdrobku je od BG-BIO-22<\/p>\n<p>&nbsp;<\/p>\n<p>&nbsp;<\/p>\n","protected":false},"excerpt":{"rendered":"<p>Kookie Cat je:<br \/>\n\u2013 Vegansk\u00e1<br \/>\n\u2013 Bezlepkov\u00e1<br \/>\n\u2013 Bez rafinovan\u00e9ho cukru<br \/>\n\u2013 K\u0159upav\u00e1<br \/>\n\u2013 Bio<br \/>\n\u2013 Bez palmov\u00e9ho oleje<\/p>\n","protected":false},"featured_media":0,"comment_status":"closed","ping_status":"closed","template":"","meta":[],"product_brand":[],"product_cat":[626,457,439],"product_tag":[],"class_list":{"0":"post-23978","1":"product","2":"type-product","3":"status-publish","5":"product_cat-bio-produkty","6":"product_cat-bio-produkty-cs","7":"product_cat-vsechny-produkty-cs","8":"post-no-thumbnail","10":"first","11":"onbackorder","12":"taxable","13":"shipping-taxable","14":"purchasable","15":"product-type-simple"},"lang":"cs","translations":{"cs":23978,"en":23992},"pll_sync_post":[],"_links":{"self":[{"href":"https:\/\/tisana.sirupy.eu\/index.php?rest_route=\/wp\/v2\/product\/23978","targetHints":{"allow":["GET"]}}],"collection":[{"href":"https:\/\/tisana.sirupy.eu\/index.php?rest_route=\/wp\/v2\/product"}],"about":[{"href":"https:\/\/tisana.sirupy.eu\/index.php?rest_route=\/wp\/v2\/types\/product"}],"replies":[{"embeddable":true,"href":"https:\/\/tisana.sirupy.eu\/index.php?rest_route=%2Fwp%2Fv2%2Fcomments&post=23978"}],"version-history":[{"count":4,"href":"https:\/\/tisana.sirupy.eu\/index.php?rest_route=\/wp\/v2\/product\/23978\/revisions"}],"predecessor-version":[{"id":24039,"href":"https:\/\/tisana.sirupy.eu\/index.php?rest_route=\/wp\/v2\/product\/23978\/revisions\/24039"}],"wp:attachment":[{"href":"https:\/\/tisana.sirupy.eu\/index.php?rest_route=%2Fwp%2Fv2%2Fmedia&parent=23978"}],"wp:term":[{"taxonomy":"product_brand","embeddable":true,"href":"https:\/\/tisana.sirupy.eu\/index.php?rest_route=%2Fwp%2Fv2%2Fproduct_brand&post=23978"},{"taxonomy":"product_cat","embeddable":true,"href":"https:\/\/tisana.sirupy.eu\/index.php?rest_route=%2Fwp%2Fv2%2Fproduct_cat&post=23978"},{"taxonomy":"product_tag","embeddable":true,"href":"https:\/\/tisana.sirupy.eu\/index.php?rest_route=%2Fwp%2Fv2%2Fproduct_tag&post=23978"}],"curies":[{"name":"wp","href":"https:\/\/api.w.org\/{rel}","templated":true}]}}