{"id":23904,"date":"2025-03-21T12:57:01","date_gmt":"2025-03-21T12:57:01","guid":{"rendered":"https:\/\/tisana.sirupy.eu\/?post_type=product&#038;p=23904"},"modified":"2025-03-21T12:57:02","modified_gmt":"2025-03-21T12:57:02","slug":"pasta-100-arasidova-jemna-250-g-bio-rapunzel","status":"publish","type":"product","link":"https:\/\/tisana.sirupy.eu\/?product=pasta-100-arasidova-jemna-250-g-bio-rapunzel&lang=cs","title":{"rendered":"Pasta 100 % ara\u0161\u00eddov\u00e1 jemn\u00e1 250 g BIO RAPUNZEL"},"content":{"rendered":"<p>Skladov\u00e1n\u00ed: Skladujte v suchu a chladu.<\/p>\n<p>Slo\u017een\u00ed v\u00fdrobku<br \/>\nAra\u0161\u00eddy*. M\u016f\u017ee obsahovat stopy sko\u0159\u00e1pkov\u00fdch plod\u016f, sezamu, vl\u010d\u00edho bobu a ml\u00e9ka. *produkt kontrolovan\u00e9ho ekologick\u00e9ho zem\u011bd\u011blstv\u00ed<\/p>\n<p>Seznam alergen\u016f<br \/>\n(5) Podzemnice olejn\u00e1 (ara\u0161\u00eddy)<\/p>\n","protected":false},"excerpt":{"rendered":"<p>Skladov\u00e1n\u00ed: Skladujte v suchu a chladu. Slo\u017een\u00ed v\u00fdrobku Ara\u0161\u00eddy*. M\u016f\u017ee obsahovat stopy sko\u0159\u00e1pkov\u00fdch plod\u016f, sezamu, vl\u010d\u00edho bobu a ml\u00e9ka. *produkt kontrolovan\u00e9ho ekologick\u00e9ho zem\u011bd\u011blstv\u00ed Seznam alergen\u016f (5) Podzemnice olejn\u00e1 (ara\u0161\u00eddy)<\/p>\n","protected":false},"featured_media":0,"comment_status":"open","ping_status":"closed","template":"","meta":[],"product_brand":[],"product_cat":[457,575],"product_tag":[],"class_list":{"0":"post-23904","1":"product","2":"type-product","3":"status-publish","5":"product_cat-bio-produkty-cs","6":"product_cat-bez-pridaneho-cukru-cs","7":"post-no-thumbnail","9":"first","10":"onbackorder","11":"taxable","12":"shipping-taxable","13":"purchasable","14":"product-type-simple"},"lang":"cs","translations":{"cs":23904},"pll_sync_post":[],"_links":{"self":[{"href":"https:\/\/tisana.sirupy.eu\/index.php?rest_route=\/wp\/v2\/product\/23904","targetHints":{"allow":["GET"]}}],"collection":[{"href":"https:\/\/tisana.sirupy.eu\/index.php?rest_route=\/wp\/v2\/product"}],"about":[{"href":"https:\/\/tisana.sirupy.eu\/index.php?rest_route=\/wp\/v2\/types\/product"}],"replies":[{"embeddable":true,"href":"https:\/\/tisana.sirupy.eu\/index.php?rest_route=%2Fwp%2Fv2%2Fcomments&post=23904"}],"version-history":[{"count":1,"href":"https:\/\/tisana.sirupy.eu\/index.php?rest_route=\/wp\/v2\/product\/23904\/revisions"}],"predecessor-version":[{"id":23907,"href":"https:\/\/tisana.sirupy.eu\/index.php?rest_route=\/wp\/v2\/product\/23904\/revisions\/23907"}],"wp:attachment":[{"href":"https:\/\/tisana.sirupy.eu\/index.php?rest_route=%2Fwp%2Fv2%2Fmedia&parent=23904"}],"wp:term":[{"taxonomy":"product_brand","embeddable":true,"href":"https:\/\/tisana.sirupy.eu\/index.php?rest_route=%2Fwp%2Fv2%2Fproduct_brand&post=23904"},{"taxonomy":"product_cat","embeddable":true,"href":"https:\/\/tisana.sirupy.eu\/index.php?rest_route=%2Fwp%2Fv2%2Fproduct_cat&post=23904"},{"taxonomy":"product_tag","embeddable":true,"href":"https:\/\/tisana.sirupy.eu\/index.php?rest_route=%2Fwp%2Fv2%2Fproduct_tag&post=23904"}],"curies":[{"name":"wp","href":"https:\/\/api.w.org\/{rel}","templated":true}]}}