{"id":23127,"date":"2024-08-02T07:50:26","date_gmt":"2024-08-02T07:50:26","guid":{"rendered":"https:\/\/tisana.sirupy.eu\/?post_type=product&#038;p=23127"},"modified":"2024-08-23T12:33:11","modified_gmt":"2024-08-23T12:33:11","slug":"artemisia-annua-mit-auszug-aus-dem-einjaehrigen-beifuss","status":"publish","type":"product","link":"https:\/\/tisana.sirupy.eu\/?product=artemisia-annua-mit-auszug-aus-dem-einjaehrigen-beifuss&lang=de","title":{"rendered":"Artemisia annua mit Auszug aus dem einj\u00e4hrigen Beifuss"},"content":{"rendered":"<p>Artemisia annua mit Auszug aus dem einj\u00e4hrigen Beifuss, Nahrungserg\u00e4nzungsmittel, 90 Kapseln<\/p>\n<p>Empfohlene Verzehrmenge: 1 &#8211; 3 Kapseln t\u00e4glich. Inhalt: Artemisia annua, extractum cum pulvere e folium cps 200 mg, zus\u00e4tzliche Stoffe: Cellulosekapseln, Zitronens\u00e4ure<\/p>\n<p>Hersteller: LL spol. s r.o., <a href=\"https:\/\/sirupy.eu\/kontakty\/\" target=\"_blank\" rel=\"noopener\">www.sirupy.eu<\/a><\/p>\n","protected":false},"excerpt":{"rendered":"<p>Artemisia annua mit Auszug aus dem einj\u00e4hrigen Beifuss, Nahrungserg\u00e4nzungsmittel, 90 Kapseln Empfohlene Verzehrmenge: 1 &#8211; 3 Kapseln t\u00e4glich. Inhalt: Artemisia annua, extractum cum pulvere e folium cps 200 mg, zus\u00e4tzliche Stoffe: Cellulosekapseln, Zitronens\u00e4ure Hersteller: LL spol. s r.o., www.sirupy.eu<\/p>\n","protected":false},"featured_media":22876,"comment_status":"closed","ping_status":"closed","template":"","meta":[],"product_brand":[],"product_cat":[573,555,585],"product_tag":[],"class_list":{"0":"post-23127","1":"product","2":"type-product","3":"status-publish","4":"has-post-thumbnail","6":"product_cat-kapseln","7":"product_cat-ohne-zuckerzusatz","8":"product_cat-produkte","10":"first","11":"instock","12":"taxable","13":"shipping-taxable","14":"purchasable","15":"product-type-simple"},"lang":"de","translations":{"de":23127,"cs":23104,"en":24026},"pll_sync_post":[],"_links":{"self":[{"href":"https:\/\/tisana.sirupy.eu\/index.php?rest_route=\/wp\/v2\/product\/23127","targetHints":{"allow":["GET"]}}],"collection":[{"href":"https:\/\/tisana.sirupy.eu\/index.php?rest_route=\/wp\/v2\/product"}],"about":[{"href":"https:\/\/tisana.sirupy.eu\/index.php?rest_route=\/wp\/v2\/types\/product"}],"replies":[{"embeddable":true,"href":"https:\/\/tisana.sirupy.eu\/index.php?rest_route=%2Fwp%2Fv2%2Fcomments&post=23127"}],"version-history":[{"count":1,"href":"https:\/\/tisana.sirupy.eu\/index.php?rest_route=\/wp\/v2\/product\/23127\/revisions"}],"predecessor-version":[{"id":23129,"href":"https:\/\/tisana.sirupy.eu\/index.php?rest_route=\/wp\/v2\/product\/23127\/revisions\/23129"}],"wp:featuredmedia":[{"embeddable":true,"href":"https:\/\/tisana.sirupy.eu\/index.php?rest_route=\/wp\/v2\/media\/22876"}],"wp:attachment":[{"href":"https:\/\/tisana.sirupy.eu\/index.php?rest_route=%2Fwp%2Fv2%2Fmedia&parent=23127"}],"wp:term":[{"taxonomy":"product_brand","embeddable":true,"href":"https:\/\/tisana.sirupy.eu\/index.php?rest_route=%2Fwp%2Fv2%2Fproduct_brand&post=23127"},{"taxonomy":"product_cat","embeddable":true,"href":"https:\/\/tisana.sirupy.eu\/index.php?rest_route=%2Fwp%2Fv2%2Fproduct_cat&post=23127"},{"taxonomy":"product_tag","embeddable":true,"href":"https:\/\/tisana.sirupy.eu\/index.php?rest_route=%2Fwp%2Fv2%2Fproduct_tag&post=23127"}],"curies":[{"name":"wp","href":"https:\/\/api.w.org\/{rel}","templated":true}]}}