{"id":23104,"date":"2024-07-31T16:45:57","date_gmt":"2024-07-31T16:45:57","guid":{"rendered":"https:\/\/tisana.sirupy.eu\/?post_type=product&#038;p=23104"},"modified":"2024-12-19T12:41:19","modified_gmt":"2024-12-19T12:41:19","slug":"artemisia-annua-kapsle-s-extraktem-z-pelynku-rocniho","status":"publish","type":"product","link":"https:\/\/tisana.sirupy.eu\/?product=artemisia-annua-kapsle-s-extraktem-z-pelynku-rocniho&lang=cs","title":{"rendered":"Artemisia annua kapsle s extraktem z pely\u0148ku ro\u010dn\u00edho"},"content":{"rendered":"<p>Tradi\u010dn\u00ed \u010d\u00ednsk\u00e9 l\u00e9ka\u0159stv\u00ed pou\u017e\u00edv\u00e1 pelyn\u011bk ro\u010dn\u00ed (Artemisia Annua) od nepam\u011bti.<br \/>\nArtemisin, p\u0159\u00edrodn\u00ed l\u00e1tka obsa\u017een\u00e1 v t\u00e9to rostlin\u011b p\u016fsob\u00ed antiviroticky a jej\u00ed syntetick\u00e1 forma je dnes z\u00e1kladem antimalarik. Za tento objev dostala \u010d\u00ednsk\u00e1 v\u011bdkyn\u011b l\u00e9ka\u0159ka v roce 2015 Nobelovu cenu.<br \/>\nPelyn\u011bk ro\u010dn\u00ed je jeden z mnoha druh\u016f pely\u0148k\u016f s n\u00edzk\u00fdm obsahem thujon\u016f a i proto je m\u00e9n\u011b ho\u0159k\u00fd.<br \/>\nKapsle obsahuj\u00ed jak bylinu samotnou, tak i jej\u00ed vodn\u00fd v\u00fdluh. Dopln\u011bk stravy, obsah d\u00f3zy 90 kapsl\u00ed.<br \/>\nDoporu\u010den\u00e9 d\u00e1vkov\u00e1n\u00ed: 1 &#8211; 3 kapsle denn\u011b<br \/>\nSlo\u017een\u00ed: Artemisia annua, extractum cum pulvere e folium cps 200 mg, pomocn\u00e9 l\u00e1tky: celul\u00f3zov\u00e1 kapsle, kyselina citronov\u00e1.<\/p>\n<p>V\u00fdrobce: LL spol. s. r. o., vyrobeno v \u010cR.<\/p>\n","protected":false},"excerpt":{"rendered":"<p>Rostlinn\u00e9 kapsle s extraktem z pely\u0148ku ro\u010dn\u00edho (Artemisia annua)<\/p>\n<p>. <img decoding=\"async\" class=\"alignnone size-full wp-image-22872\" src=\"https:\/\/tisana.sirupy.eu\/wp-content\/uploads\/2024\/07\/Etiketanatablety.png\" alt=\"\" width=\"198\" height=\"144\" \/><\/p>\n","protected":false},"featured_media":22876,"comment_status":"closed","ping_status":"closed","template":"","meta":[],"product_brand":[],"product_cat":[575,498,587,439],"product_tag":[],"class_list":{"0":"post-23104","1":"product","2":"type-product","3":"status-publish","4":"has-post-thumbnail","6":"product_cat-bez-pridaneho-cukru-cs","7":"product_cat-kapsle","8":"product_cat-produkty","9":"product_cat-vsechny-produkty-cs","10":"product_shipping_class-easy-cs","12":"first","13":"instock","14":"taxable","15":"shipping-taxable","16":"purchasable","17":"product-type-simple"},"lang":"cs","translations":{"cs":23104,"de":23127,"en":24026},"pll_sync_post":[],"_links":{"self":[{"href":"https:\/\/tisana.sirupy.eu\/index.php?rest_route=\/wp\/v2\/product\/23104","targetHints":{"allow":["GET"]}}],"collection":[{"href":"https:\/\/tisana.sirupy.eu\/index.php?rest_route=\/wp\/v2\/product"}],"about":[{"href":"https:\/\/tisana.sirupy.eu\/index.php?rest_route=\/wp\/v2\/types\/product"}],"replies":[{"embeddable":true,"href":"https:\/\/tisana.sirupy.eu\/index.php?rest_route=%2Fwp%2Fv2%2Fcomments&post=23104"}],"version-history":[{"count":3,"href":"https:\/\/tisana.sirupy.eu\/index.php?rest_route=\/wp\/v2\/product\/23104\/revisions"}],"predecessor-version":[{"id":23843,"href":"https:\/\/tisana.sirupy.eu\/index.php?rest_route=\/wp\/v2\/product\/23104\/revisions\/23843"}],"wp:featuredmedia":[{"embeddable":true,"href":"https:\/\/tisana.sirupy.eu\/index.php?rest_route=\/wp\/v2\/media\/22876"}],"wp:attachment":[{"href":"https:\/\/tisana.sirupy.eu\/index.php?rest_route=%2Fwp%2Fv2%2Fmedia&parent=23104"}],"wp:term":[{"taxonomy":"product_brand","embeddable":true,"href":"https:\/\/tisana.sirupy.eu\/index.php?rest_route=%2Fwp%2Fv2%2Fproduct_brand&post=23104"},{"taxonomy":"product_cat","embeddable":true,"href":"https:\/\/tisana.sirupy.eu\/index.php?rest_route=%2Fwp%2Fv2%2Fproduct_cat&post=23104"},{"taxonomy":"product_tag","embeddable":true,"href":"https:\/\/tisana.sirupy.eu\/index.php?rest_route=%2Fwp%2Fv2%2Fproduct_tag&post=23104"}],"curies":[{"name":"wp","href":"https:\/\/api.w.org\/{rel}","templated":true}]}}