{"id":23095,"date":"2024-07-31T16:45:54","date_gmt":"2024-07-31T16:45:54","guid":{"rendered":"https:\/\/tisana.sirupy.eu\/?post_type=product&#038;p=23095"},"modified":"2025-08-21T09:37:19","modified_gmt":"2025-08-21T09:37:19","slug":"toop-zazvor","status":"publish","type":"product","link":"https:\/\/tisana.sirupy.eu\/?product=toop-zazvor&lang=cs","title":{"rendered":"TO:oP Z\u00e1zvor"},"content":{"rendered":"<p>Po\u00a0otev\u0159en\u00ed skladujte p\u0159i teplot\u011b 2\u00a0&#8211;\u00a05\u00b0C a\u00a0spot\u0159ebujte do 14 dn\u016f. Z koncentr\u00e1tu\u00a0p\u0159iprav\u00edte osv\u011b\u017euj\u00edc\u00ed n\u00e1poj z\u0159ed\u011bn\u00edm\u00a0miner\u00e1lkou a ledem. Slo\u017een\u00ed: extrakt z\u00e1zvoru 48,5%, cukr, citronov\u00fd koncentr\u00e1t 1,5%, kyselina citronov\u00e1. Pasterov\u00e1no.\u00a0Sediment nen\u00ed na z\u00e1vadu. P\u0159ed pou\u017eit\u00edm prot\u0159epat. Objem: 0,7 l. Pr\u016fm\u011brn\u00e9 v\u00fd\u017eivov\u00e9 hodnoty ve\u00a0100 ml: Energetick\u00e1 hodnota 740 kJ \/ 174 kcal, tuky &lt; 0,1 g, z toho nasycen\u00e9 mastn\u00e9 kyseliny &lt; 0,1 g, sacharidy 42 g, z toho cukr 42 g, b\u00edlkoviny &lt; 0,3 g, s\u016fl &lt; 0,03 g.<\/p>\n","protected":false},"excerpt":{"rendered":"<p>Po\u00a0otev\u0159en\u00ed skladujte p\u0159i teplot\u011b 2\u00a0&#8211;\u00a05\u00b0C a\u00a0spot\u0159ebujte do 14 dn\u016f. Z koncentr\u00e1tu\u00a0p\u0159iprav\u00edte osv\u011b\u017euj\u00edc\u00ed n\u00e1poj z\u0159ed\u011bn\u00edm\u00a0miner\u00e1lkou a ledem. Slo\u017een\u00ed: extrakt z\u00e1zvoru 48,5%, cukr, citronov\u00fd koncentr\u00e1t 1,5%, kyselina citronov\u00e1. Pasterov\u00e1no.\u00a0Sediment nen\u00ed na z\u00e1vadu. P\u0159ed pou\u017eit\u00edm prot\u0159epat. Objem: 0,7 l. Pr\u016fm\u011brn\u00e9 v\u00fd\u017eivov\u00e9 hodnoty ve\u00a0100 ml: Energetick\u00e1 hodnota 740 kJ \/ 174 kcal, tuky &lt; 0,1 g, z toho nasycen\u00e9 mastn\u00e9 kyseliny &lt; 0,1 g, sacharidy 42 g, z toho cukr 42 g, b\u00edlkoviny &lt; 0,3 g, s\u016fl &lt; 0,03 g.<\/p>\n","protected":false},"featured_media":22888,"comment_status":"closed","ping_status":"closed","template":"","meta":[],"product_brand":[648],"product_cat":[587,447,460,439],"product_tag":[],"class_list":{"0":"post-23095","1":"product","2":"type-product","3":"status-publish","4":"has-post-thumbnail","6":"product_brand-toop","7":"product_cat-produkty","8":"product_cat-sirupy-a-koncentraty-ve-sklenenych-lahvich-700-ml-cs","9":"product_cat-uncategorized-cs","10":"product_cat-vsechny-produkty-cs","12":"first","13":"instock","14":"taxable","15":"shipping-taxable","16":"purchasable","17":"product-type-simple"},"lang":"cs","translations":{"cs":23095},"pll_sync_post":[],"_links":{"self":[{"href":"https:\/\/tisana.sirupy.eu\/index.php?rest_route=\/wp\/v2\/product\/23095","targetHints":{"allow":["GET"]}}],"collection":[{"href":"https:\/\/tisana.sirupy.eu\/index.php?rest_route=\/wp\/v2\/product"}],"about":[{"href":"https:\/\/tisana.sirupy.eu\/index.php?rest_route=\/wp\/v2\/types\/product"}],"replies":[{"embeddable":true,"href":"https:\/\/tisana.sirupy.eu\/index.php?rest_route=%2Fwp%2Fv2%2Fcomments&post=23095"}],"version-history":[{"count":1,"href":"https:\/\/tisana.sirupy.eu\/index.php?rest_route=\/wp\/v2\/product\/23095\/revisions"}],"predecessor-version":[{"id":23109,"href":"https:\/\/tisana.sirupy.eu\/index.php?rest_route=\/wp\/v2\/product\/23095\/revisions\/23109"}],"wp:featuredmedia":[{"embeddable":true,"href":"https:\/\/tisana.sirupy.eu\/index.php?rest_route=\/wp\/v2\/media\/22888"}],"wp:attachment":[{"href":"https:\/\/tisana.sirupy.eu\/index.php?rest_route=%2Fwp%2Fv2%2Fmedia&parent=23095"}],"wp:term":[{"taxonomy":"product_brand","embeddable":true,"href":"https:\/\/tisana.sirupy.eu\/index.php?rest_route=%2Fwp%2Fv2%2Fproduct_brand&post=23095"},{"taxonomy":"product_cat","embeddable":true,"href":"https:\/\/tisana.sirupy.eu\/index.php?rest_route=%2Fwp%2Fv2%2Fproduct_cat&post=23095"},{"taxonomy":"product_tag","embeddable":true,"href":"https:\/\/tisana.sirupy.eu\/index.php?rest_route=%2Fwp%2Fv2%2Fproduct_tag&post=23095"}],"curies":[{"name":"wp","href":"https:\/\/api.w.org\/{rel}","templated":true}]}}