{"id":22677,"date":"2024-07-16T15:54:20","date_gmt":"2024-07-16T15:54:20","guid":{"rendered":"https:\/\/tisana.sirupy.eu\/?page_id=22677"},"modified":"2024-08-11T13:59:03","modified_gmt":"2024-08-11T13:59:03","slug":"fruits-herbal-syrup-3","status":"publish","type":"page","link":"https:\/\/tisana.sirupy.eu\/?page_id=22677&lang=de","title":{"rendered":"Fr\u00fcchte &#038; Kr\u00e4utersirup"},"content":{"rendered":"\t\t<div data-elementor-type=\"wp-page\" data-elementor-id=\"22677\" class=\"elementor elementor-22677\">\n\t\t\t\t<div class=\"elementor-element elementor-element-550dd94 e-flex e-con-boxed e-con e-parent\" data-id=\"550dd94\" data-element_type=\"container\" data-e-type=\"container\">\n\t\t\t\t\t<div class=\"e-con-inner\">\n\t\t<div class=\"elementor-element elementor-element-0fc4225 e-con-full e-flex e-con e-child\" data-id=\"0fc4225\" data-element_type=\"container\" data-e-type=\"container\">\n\t\t\t\t<div class=\"elementor-element elementor-element-eaa1505 elementor-widget elementor-widget-image\" data-id=\"eaa1505\" data-element_type=\"widget\" data-e-type=\"widget\" data-widget_type=\"image.default\">\n\t\t\t\t<div class=\"elementor-widget-container\">\n\t\t\t\t\t\t\t\t\t\t\t\t\t\t\t<img fetchpriority=\"high\" decoding=\"async\" width=\"640\" height=\"417\" src=\"https:\/\/tisana.sirupy.eu\/wp-content\/uploads\/2024\/06\/9sirup_C5_AF-1.gif\" class=\"attachment-large size-large wp-image-7110\" alt=\"\" \/>\t\t\t\t\t\t\t\t\t\t\t\t\t\t\t<\/div>\n\t\t\t\t<\/div>\n\t\t\t\t<\/div>\n\t\t<div class=\"elementor-element elementor-element-cb361b2 e-con-full e-flex e-con e-child\" data-id=\"cb361b2\" data-element_type=\"container\" data-e-type=\"container\">\n\t\t\t\t<div class=\"elementor-element elementor-element-732d420 elementor-widget elementor-widget-tm-heading\" data-id=\"732d420\" data-element_type=\"widget\" data-e-type=\"widget\" data-widget_type=\"tm-heading.default\">\n\t\t\t\t<div class=\"elementor-widget-container\">\n\t\t\t\t\t\t\t<div class=\"tm-modern-heading tm-modern-heading--style-01 tm-modern-heading--highlight-style-01\">\n\t\t\t\n\t\t\t\t\t<div class=\"heading-primary-wrap\">\n\t\t\t<h2 class=\"heading-primary elementor-heading-title\">Frucht- und Kr\u00e4utersirupe<\/h2>\t\t<\/div>\n\t\t\n\t\t\t\n\t\t\t\t\t<\/div>\n\t\t\t\t\t\t<\/div>\n\t\t\t\t<\/div>\n\t\t\t\t<div class=\"elementor-element elementor-element-889c22a elementor-widget elementor-widget-text-editor\" data-id=\"889c22a\" data-element_type=\"widget\" data-e-type=\"widget\" data-widget_type=\"text-editor.default\">\n\t\t\t\t<div class=\"elementor-widget-container\">\n\t\t\t\t\t\t\t\t\t<p>Unsere Getr\u00e4nkesirupkonzentrate werden in unserer Produktion aus Kr\u00e4uterextrakten ohne Zusatz von k\u00fcnstlichen S\u00fc\u00dfstoffen, Farbstoffen oder Konservierungsmitteln hergestellt. Geben Sie einfach 1 Teil unseres Sirups in mindestens 5 Teile Wasser (hei\u00df oder kalt) und das Getr\u00e4nk ist fertig. Sie k\u00f6nnen auch Zitronensaft hinzuf\u00fcgen oder ihn in Ihrem Lieblingsgetr\u00e4nk, Eis, Joghurt usw. verwenden.<\/p>\t\t\t\t\t\t\t\t<\/div>\n\t\t\t\t<\/div>\n\t\t\t\t<div class=\"elementor-element elementor-element-10ec235 elementor-align-center elementor-widget elementor-widget-tm-button\" data-id=\"10ec235\" data-element_type=\"widget\" data-e-type=\"widget\" data-widget_type=\"tm-button.default\">\n\t\t\t\t<div class=\"elementor-widget-container\">\n\t\t\t\t\t\t\t<a href=\"https:\/\/tisana.sirupy.eu\/?page_id=22501&#038;lang=de\" class=\"tm-button-link tm-button style-flat tm-button-nm\" role=\"button\">\n\n\t\t\t\t\t<div class=\"button-content-wrapper\">\n\t\t\t\n\t\t\t\t\t<div class=\"button-text\">\n\t\t\t\n\t\t\tJETZT BESTELLEN\n\t\t\t\n\t\t\t\t\t<\/div>\n\t\t\n\t\t\t\t\t<\/div>\n\t\t\n\t\t\t\t\t<\/a>\n\t\t\t\t\t\t<\/div>\n\t\t\t\t<\/div>\n\t\t\t\t<\/div>\n\t\t\t\t\t<\/div>\n\t\t\t\t<\/div>\n\t\t\t\t<\/div>\n\t\t","protected":false},"excerpt":{"rendered":"<p>Frucht- und Kr\u00e4utersirupe Unsere Getr\u00e4nkesirupkonzentrate werden in unserer Produktion aus Kr\u00e4uterextrakten ohne Zusatz von k\u00fcnstlichen S\u00fc\u00dfstoffen, Farbstoffen oder Konservierungsmitteln hergestellt. Geben Sie einfach 1 Teil unseres Sirups in mindestens 5 Teile Wasser (hei\u00df oder kalt) und das Getr\u00e4nk ist fertig. Sie k\u00f6nnen auch Zitronensaft hinzuf\u00fcgen oder ihn in Ihrem Lieblingsgetr\u00e4nk, Eis, Joghurt usw. verwenden. JETZT BESTELLEN<\/p>\n","protected":false},"author":1,"featured_media":0,"parent":0,"menu_order":0,"comment_status":"closed","ping_status":"closed","template":"","meta":{"footnotes":""},"class_list":["post-22677","page","type-page","status-publish","hentry","post-no-thumbnail"],"lang":"de","translations":{"de":22677,"fr":22671,"en":190,"cs":22682},"pll_sync_post":[],"_links":{"self":[{"href":"https:\/\/tisana.sirupy.eu\/index.php?rest_route=\/wp\/v2\/pages\/22677","targetHints":{"allow":["GET"]}}],"collection":[{"href":"https:\/\/tisana.sirupy.eu\/index.php?rest_route=\/wp\/v2\/pages"}],"about":[{"href":"https:\/\/tisana.sirupy.eu\/index.php?rest_route=\/wp\/v2\/types\/page"}],"author":[{"embeddable":true,"href":"https:\/\/tisana.sirupy.eu\/index.php?rest_route=\/wp\/v2\/users\/1"}],"replies":[{"embeddable":true,"href":"https:\/\/tisana.sirupy.eu\/index.php?rest_route=%2Fwp%2Fv2%2Fcomments&post=22677"}],"version-history":[{"count":5,"href":"https:\/\/tisana.sirupy.eu\/index.php?rest_route=\/wp\/v2\/pages\/22677\/revisions"}],"predecessor-version":[{"id":23292,"href":"https:\/\/tisana.sirupy.eu\/index.php?rest_route=\/wp\/v2\/pages\/22677\/revisions\/23292"}],"wp:attachment":[{"href":"https:\/\/tisana.sirupy.eu\/index.php?rest_route=%2Fwp%2Fv2%2Fmedia&parent=22677"}],"curies":[{"name":"wp","href":"https:\/\/api.w.org\/{rel}","templated":true}]}}